 What is the tens digit of x(22)?
2
Suppose 2*m - 814 = -508. Suppose 0 = -3*x + 1125 - 360. Let c = x - m. What is the tens digit of c?
0
Suppose -27*n + 28534 = 2*j - 23*n, -5*j = 5*n - 71315. What is the thousands digit of j?
4
Suppose -14*i + 3*i - 55 = 0. Let g be ((-2)/3)/(i - (-39)/9). Suppose 2*k = -5*n + 27, -2*k + n = 2*k + g. What is the units digit of k?
1
Let s(m) = 17*m**2 - 77*m - 616. What is the ten thousands digit of s(-25)?
1
Suppose -3*b - 2 = 5*u, 0*u = -b - u - 2. Let d(o) = 3*o + 1. Let q be d(-1). What is the tens digit of -1 + (b - -246) - q?
4
Let w = -321 + -196. Let j = -189 - w. What is the tens digit of j?
2
Let f = -582 + 611. Suppose 391 + f = 6*s. What is the units digit of s?
0
Let k be (-9)/(-9) - (-3)/1. Suppose 6*q = q, -c - k*q + 5 = 0. Suppose -c*o = 4*l - 508, -4*o + 0*o = 2*l - 410. What is the tens digit of o?
0
Let p(j) be the second derivative of j**3 + 37*j**2 - 11*j. Let u(r) = 2*r + 25. Let f(o) = 3*p(o) - 8*u(o). What is the tens digit of f(9)?
4
Let p = 78 - 140. Let f = -131 - p. Let j = f + 158. What is the units digit of j?
9
What is the ten thousands digit of (-2602)/(-4)*((-102)/68 - 475/(-10))?
2
Suppose 46234 = 4*b - 3*n, n + 60062 = 4*b + 13832. What is the units digit of b?
7
Let s(q) be the first derivative of -4*q - 4*q + 4*q + 3 - 42*q**2 - 16*q**2. What is the hundreds digit of s(-1)?
1
Let b be (4*(-3)/4 + 15)/(-1). What is the units digit of 12/10*(-16 + (-2802)/b)?
1
Let o(v) = 3025*v**2 + 35*v + 5. What is the units digit of o(-2)?
5
Let j(z) = 2*z**2 + 5*z. Suppose 5*s + 2 - 27 = 0. Let o be j(s). Suppose -69 = -9*x + o. What is the tens digit of x?
1
Let u(s) = 760*s**3 - s**2 + 5*s - 4. Let f be u(2). Suppose 0 = -15*j + f - 1582. What is the units digit of j?
0
Let q(t) = -3*t**3 - 27*t**2 + 18*t - 202. What is the units digit of q(-22)?
8
Let q(r) = -2*r**3 + 7*r - 3. Let y = -408 - -402. What is the hundreds digit of q(y)?
3
Let o(m) = -18*m - 42*m**2 + 41*m**2 - 6 - 11*m. What is the tens digit of o(-9)?
7
Let p = 13 - -114. Suppose -12*s + 11*s + p = 0. Suppose -2*n + s = 7. What is the tens digit of n?
6
Suppose 2*p = 14 - 6. Suppose -3*w = p*k + 2, -3*w + w = -5*k + 9. What is the tens digit of ((-28)/(-2))/(w/(-3))?
2
Let b be 60/32 - 3/(-24). Suppose 0 = 2*w - b*q - 94, -46 = -w - 4*q + 16. What is the units digit of w?
0
Suppose -l = -5*g - 37, -3*l + 5*g + 83 = 12. Let i(r) = r**2 + 19*r + 8. What is the hundreds digit of i(l)?
6
Suppose -r + 36 = -4*o + 5, r + o - 21 = 0. Suppose r*h - 1235 = 4*h. What is the units digit of h?
5
Let y = -30 + 12. Let k be (y/21)/(4/(-336)). Let u = 114 - k. What is the units digit of u?
2
Let d(t) be the first derivative of -7 + 34*t - 9/2*t**2. What is the units digit of d(-15)?
9
Let d(m) = 3*m + 17. Let i be d(-13). What is the hundreds digit of 4/(-22) + 276*(-37)/i?
4
Suppose 4*a + 3*u + u = -32, a + 8 = -3*u. What is the tens digit of -1*((-4)/a + 3705/(-6))?
1
Suppose -41*y - 132*y = 64*y - 10518060. What is the thousands digit of y?
4
Let o be 1/((-5 + 3)/(-322)). Suppose -306 = -p + o. What is the hundreds digit of p?
4
Let f(p) = 2*p**3 + 32*p**2 - 3*p + 11. Let x(a) = 24 + a**2 - 8 - 4*a**2 - 12*a + 4*a**2. Let k be x(8). What is the tens digit of f(k)?
5
Suppose -161831 - 931759 = -58*w. What is the ten thousands digit of w?
1
Suppose -5*h + 2804 = 2*j, 4*h + 0*j = 5*j + 2230. Let r = 1112 - h. What is the units digit of r?
2
Suppose 100*f + 883099 = 156*f - 50477. What is the hundreds digit of f?
6
Let y(n) = -3*n**3 + 117*n**2 + 116*n + 48. What is the thousands digit of y(35)?
8
Let v = 13759 - -3660. What is the hundreds digit of v?
4
What is the tens digit of (4 + -5)/(21/(-172851))?
3
Let x(q) = -q**3 - 7*q**2 - 2*q - 14. Let v be x(-7). Let k be ((v - 0)*1)/(-1) + 3. Suppose 2*w + 5*r = 1, -k*r = -7*r - 20. What is the units digit of w?
3
Suppose 2263 - 831 = 2*w. Let p = 1747 - w. What is the units digit of p?
1
Suppose 163 = -3*i - 161. What is the units digit of ((-12)/8 + (-21)/12)*i?
1
Suppose -128*x = 71*x + 95397 - 2023110. What is the thousands digit of x?
9
Let c(u) = -66*u**2 + 41*u**2 + 24*u**2 + 11 + 38*u. What is the hundreds digit of c(17)?
3
Let d be ((-32)/28)/((-26)/91). Suppose d*p = -4*y + 2104, -p - 4*y + 538 = -0*y. What is the hundreds digit of p?
5
Suppose m + 21*v - 23*v - 202 = 0, 0 = -5*v + 25. Suppose 4*y - 2*b - 59 = 357, -m = -2*y + 3*b. What is the tens digit of y?
0
Let f = -10177 - -20349. What is the hundreds digit of f?
1
Let k(l) = -12*l**2 + 3*l - 7. Let m(x) = -24*x**2 + 5*x - 14. Let i(t) = 5*k(t) - 3*m(t). Suppose 5*d + 4 + 11 = 0. What is the hundreds digit of i(d)?
1
Suppose 5*q = -q + 372. Suppose -3*z + z = -q. Suppose 3*n - 2*n - z = 0. What is the units digit of n?
1
Suppose 4*h - 14 = -2*i, -4*h - i = h - 25. Suppose -992 = -h*u - 92. What is the units digit of u?
0
Suppose -4*f + 5*z = -36493, -10*f + 4*z = -8*f - 18254. What is the thousands digit of f?
9
Suppose -33152*p = -33136*p - 131840. What is the thousands digit of p?
8
Let m be ((-47)/5)/((-66)/30 - -2). Let f(s) = -s**3 + 6*s**2 - 8*s + 4. Let a be f(6). Let g = a + m. What is the units digit of g?
3
What is the hundreds digit of (-43)/((-129)/79884) + 8*-1?
6
Suppose -104*c - 13091702 = -481*c. What is the units digit of c?
6
Let t(v) = -v**3 - 16*v**2 + 31*v - 85. Let a be t(-18). Suppose -5*g + 6*r - r + 2600 = 0, 0 = -5*g - a*r + 2600. What is the units digit of g?
0
Suppose 0 = 2*k - 4923 - 8407. What is the hundreds digit of k?
6
Suppose -18*m + 14*m + 20 = 0. Suppose -n - m = 4*s - 16, -5 = 5*n. Suppose -s*j = -3*u - 189, j = 6*j - 4*u - 310. What is the tens digit of j?
5
Let r be (-2)/(-6) - (-321135)/9. What is the units digit of (r/(-285))/((-2)/5)?
3
Let p = 4013 - 923. What is the thousands digit of p?
3
Let p be (-4)/(-1 + 3 + (-528)/272). Let m be -1 - -3 - (p + -2). Suppose 2*f - 406 = m. What is the hundreds digit of f?
2
Suppose 72*y - 26085 = 69*y. What is the hundreds digit of y?
6
Let m(y) = -15*y**2 + 12*y - 8 + 10*y**3 - 27*y**3 + 16*y**3. What is the hundreds digit of m(-17)?
3
Suppose 0*k + 3*k + 6 = 0, 5*k - 10 = -2*o. Let n be o/(-8 + 3) - -119. Suppose -45 = -3*x + n. What is the units digit of x?
4
Let u = 228 - 230. What is the units digit of 25*(30 - 7) - u?
7
Let j be ((-24)/9)/(3/900*1). Let t = -21 + 20. What is the tens digit of t/9 - j/72?
1
Suppose -890557 = -32*a - 160381. What is the thousands digit of a?
2
Let m(z) = z**2 + 5*z - 5. Suppose -2*c + 2*f + 12 = 0, 6*c = 4*c + 4*f + 20. Suppose 4*i = 8, k - 3*i + c = -1. What is the units digit of m(k)?
9
What is the hundreds digit of 1/(-4) + 4713038/472?
9
Let k(r) = -39*r - 53. Let n be k(12). Let l = -421 - n. What is the hundreds digit of l?
1
Let k(t) = -t - 5. Let a be k(-7). Suppose 26*q - 4 = 24*q. What is the hundreds digit of (173/q)/(1/a)?
1
Suppose 0 = 5*t + 131 - 136, 4765 = x + 5*t. What is the thousands digit of x?
4
Let x = 2 - 4. Let q(f) = f**3 - 7*f**2 + 12*f - 8. Let b be q(6). What is the tens digit of b + (-4)/(x + 0)?
3
Suppose -4489 = -5*j + a, 0*a = -4*j - 5*a + 3597. What is the units digit of j?
8
Let z(k) = 2*k**3 + 5*k**2 - 2*k. Let f be z(3). Let r = f - 98. What is the units digit of (-2)/r + 1252/20?
3
Suppose -3*f - 18 = -4*f + 4*q, 44 = 4*f - 2*q. Suppose 10*i - 30 = f. Suppose 5*d - 7*w = -3*w + 527, -i*w - 218 = -2*d. What is the tens digit of d?
0
Let j(u) = u**2 - 27*u - 43. Let p be j(26). Let a = p + -16. Let n = 142 + a. What is the units digit of n?
7
Let x = -428 - -640. Let p = 522 - x. What is the tens digit of p?
1
Let r(m) = 55*m**2 - 225*m + 15. What is the units digit of r(21)?
5
Let p(i) = 26*i**2 - 14*i + 21. Let u = -248 + 252. What is the tens digit of p(u)?
8
Suppose 2*w = -w + 6. Let f be (6/4)/((-3)/(-8)). Suppose w*n - 161 = -f*o - 3*n, -n = -2*o + 77. What is the tens digit of o?
3
Let p(q) = 8*q + 42. Let z be p(-5). Suppose z*c - w = -426 + 2039, -5*w - 15 = 0. What is the units digit of c?
5
Let a be 469*5/(70/96). Suppose -4*m - 4*u = -a, -3*m + 28*u - 33*u = -2422. What is the hundreds digit of m?
7
Suppose 260 + 272 = 4*a. Let v = 727 - 816. Let r = v + a. What is the tens digit of r?
4
Suppose 10 - 1 = 3*p. Let i(j) = -12 + 5 - 1 + p + 15*j. What is 